 What is the units digit of s?
5
Suppose 3380*c = 3448*c - 91392. What is the thousands digit of c?
1
Suppose t + j - 1 + 0 = 0, -4*j - 11 = -t. Let n be (-43)/16*-4 + t/(-4). What is the tens digit of (-856)/n*60/(-24)?
1
Let g(c) = c**2 - 4*c - 2. Let o be g(4). What is the units digit of (-3*(-1578)/(-27))/(o/3)?
3
Suppose 2*p - 2*z - 131 = -3*z, 0 = 3*p + 4*z - 199. Let u = p + -57. What is the units digit of u/52 + 4672/52?
0
Let m(u) = -4*u**2 - 11*u + 17. Let x be m(14). Let o = -400 - x. What is the tens digit of o?
2
Let x be ((-197 + -6)/7)/(-1 + 0). Let t = x - 45. What is the units digit of (t - -18) + 10*12/1?
2
Let s = 252 + -248. Suppose 5*y - 8*y = -z + 761, s*z + y = 3096. What is the units digit of z?
3
Let z = 84 - 72. Suppose -5*b + 27 = z. Suppose 3*r - b*l - 256 = -8*l, 0 = 2*r + 2*l - 176. What is the units digit of r?
2
Suppose -3*o - 3*v = 2*o - 7, -5*o = -v + 9. Let q be -2 + (-15 - -12)/(o/(-3)). What is the tens digit of (-13 - q)/((-2)/23)?
2
Let d(b) = 970*b**2 - 2*b + 1. Let z be (1 - 4)*(9 + (-78)/9). What is the hundreds digit of d(z)?
9
Let y(q) = -q**2 - 31*q - 83. Let d be y(-27). Suppose 21*m + v = d*m - 2706, -2 = -v. What is the hundreds digit of m?
6
What is the ten thousands digit of (5 + (-415608)/(-60))*(60/9)/2?
2
Let y be (138/(-92))/((-3)/4868). Suppose -9*t + 1022 = -y. What is the tens digit of t?
8
Suppose 4*y + b - 17284 = 0, -46*y + 3*b - 17292 = -50*y. What is the thousands digit of y?
4
Suppose f + 54654 = l, 52*f - 54638 = -l + 51*f. What is the ten thousands digit of l?
5
Let u = -1662 + 1165. Let a = 709 + u. What is the units digit of a?
2
Suppose -5*o - 4*j + 12 = -10, 5*o - 19 = -3*j. Let p(r) = r**3. Let b(x) = 5*x**3 + x**2 + x + 1. Let c(v) = -b(v) + 6*p(v). What is the units digit of c(o)?
1
Let b(k) = 60*k**3 + 3*k**2 - 10. Let a be 3 + (-2)/1 - -1. What is the hundreds digit of b(a)?
4
What is the hundreds digit of 722594/22 - (-31)/((-1364)/8)?
8
What is the thousands digit of -145*(12/(-30) + 632/(-20))?
4
Let d be (12/(-16))/((-16)/(-384)). What is the tens digit of (102/d*-66)/((-1)/(-2))?
4
Let g(j) = 126*j - 11. Let i(c) = -1. Let t(r) = -25*r + 6. Let q(b) = 4*i(b) + t(b). Let u(n) = 2*g(n) + 11*q(n). What is the units digit of u(-2)?
6
Let p(t) = 28*t**3 + 6*t**2 - 14*t + 15. Let v be p(5). Let o = v + -2556. What is the thousands digit of o?
1
Let h(q) be the third derivative of -q**6/720 + 9*q**5/20 + q**4/12 + 12*q**2. Let z(m) be the second derivative of h(m). What is the units digit of z(0)?
4
Suppose 148*w - 724845 - 402624 - 2648011 = 0. What is the ten thousands digit of w?
2
Suppose 2*t + 2 = 0, -3*g + t + 221 + 251 = 0. Suppose o - g = -25. Let w = 191 - o. What is the tens digit of w?
5
Suppose -10*b + 494953 = -405977. What is the tens digit of b?
9
Suppose -18 = 2*z - 4*z. Let r(d) = 3*d**2 - 18*d - 2. Let b(j) = j**2 - 4. Let n(o) = 2*b(o) - r(o). What is the tens digit of n(z)?
7
Suppose o + 3*f = 65, -104 = -2*o - 3*f + 35. Let p(s) = 10*s - 2. Let n be p(-5). Let c = o - n. What is the hundreds digit of c?
1
Let r be (3/9*-2)/(2/12). Let w be 0 - r - -2*(-5 - -3). Suppose w = -k - 11*k + 2400. What is the tens digit of k?
0
What is the hundreds digit of 10/(-55) - (-31000)/11?
8
Suppose 257*p + 1330988 = 295*p. What is the tens digit of p?
2
Let g(i) = 2*i**2 - 5*i + 1. Let k be (21/(-6) + 2)*-2. Let m be g(k). Suppose 13 = 3*d + 1, -85 = -3*z - m*d. What is the units digit of z?
3
Let o(n) = 47*n**2 + 84*n + 362. What is the hundreds digit of o(-20)?
4
Let x(g) = 19*g**3 - 13*g**2 + 11*g + 87. What is the hundreds digit of x(8)?
0
Let n(m) = 177*m**2 - 6*m - 17. Let o = 70 + -72. What is the tens digit of n(o)?
0
Suppose 0 = -15*b + 12*b + 1920. Suppose -12*o + 17*o - b = 0. Suppose 0 = 2*z - o + 12. What is the tens digit of z?
5
Let d = -55 + 59. Suppose -d*g + 21 = l, -3*g + 0*l + 7 = -l. Suppose -m = -5*s + 470, s - 94 = 3*m - g*m. What is the units digit of s?
4
Let v = 200 + -168. Let q = v - -179. What is the units digit of q?
1
Let w = 1568 + 3162. What is the hundreds digit of w?
7
Let q(g) = g**2 + 14*g - 23. Let z(k) = -2*k**2 - 31*k - 1. Let u be z(-16). Let a be q(u). What is the units digit of (a/6)/((-17)/(-663))?
2
Suppose -1178574 - 178026 = -19*p. What is the tens digit of p?
0
Suppose -7738 - 7367 = -5*v. What is the hundreds digit of v?
0
Suppose -2*a - 7*a - 70578 = 0. What is the hundreds digit of 0 + (-7)/35 - a/10?
7
Suppose -28*f + 99037 = -22035. What is the hundreds digit of f?
3
Let n(y) = 229*y**2 + 2*y + 4. Let p(q) = -459*q**2 - 4*q - 9. Let r(j) = 5*n(j) + 2*p(j). Let b be r(-1). Let v = -71 + b. What is the units digit of v?
6
Let s(n) = n**3 - 10*n**2 + 2*n - 17. Let g be s(10). Let t be 1 + 1 - (15/g - 5). What is the units digit of (4 - t)*(-73)/(-2)?
3
Let x be 835/(-25) + (-2)/(-5). Let n = -28 - x. Suppose -n*q + 4*p - 5*p = -290, 0 = 2*p. What is the tens digit of q?
5
Let y = 794 + 1074. What is the hundreds digit of y?
8
Let p = 10 - -4. Suppose -3498 = -p*b + 352. What is the hundreds digit of b?
2
Suppose -58 + 66 = -4*s. Let i be s/(7 + -3 + -1 - 5). What is the hundreds digit of 3/i + 7/((-35)/(-515))?
1
What is the ten thousands digit of (14633/3)/(-27*14/(-3402))?
4
Let d(t) = -2*t**2 + 1665*t + 0*t**2 + 1 - 1702*t. What is the units digit of d(-11)?
6
Let r(c) = 40*c - 1 - 212 - 63*c + 87*c + 66*c. What is the thousands digit of r(12)?
1
Suppose -24*u + 23*u = -54. Let h(x) = x**3 + 4*x**2 - 9*x - 8. Let p be h(-6). Let c = u + p. What is the tens digit of c?
2
Let s = -3107 + 17411. What is the thousands digit of s?
4
Suppose -2*y = -5*u - 0*y + 55, -u + 3*y = -11. Let x be 1*-1 + (12 - u). Suppose 170 = 2*z + n - 0*n, x = 4*z - n - 334. What is the units digit of z?
4
Suppose -4*h - 33 = -85. Suppose 5*n = h + 2. Suppose -d + 61 = -n*o, d - o - 69 = -0*o. What is the units digit of d?
3
Let o(s) = 5*s**2 + 2*s + 2. Let i(b) = 2*b**2 - 9*b + 12. Let j be i(4). What is the tens digit of o(j)?
3
Let o(f) = 2*f**3 - 4*f**2 - 47*f + 3. Let h be o(6). Let c(w) = -15 - 3*w - 8*w + 5 + 2*w**2. What is the units digit of c(h)?
3
What is the units digit of (-3626315)/(-154)*4/10?
9
Suppose 68*j - 73*j + 7350 = 0. Suppose -j = -20*k + 13*k. What is the units digit of k?
0
Let h(i) be the third derivative of 3*i**4/8 + 161*i**3/6 + 5*i**2 + i. What is the tens digit of h(-10)?
7
Suppose -3*l + 113505 = -3*y, -25*l + 29*l = 3*y + 151335. What is the tens digit of l?
3
Suppose 583*n = 560*n + 100372. What is the units digit of n?
4
Let c be (0 + -3)/(((-18)/(-5))/6). Let s(d) = -53*d + 14. What is the hundreds digit of s(c)?
2
Let n = -6699 - -20281. What is the thousands digit of n?
3
What is the tens digit of -40 - -34 - 1129*-3?
8
Suppose 22*a = 16*a + 78. Let v be (a/(-4))/((-2)/200). Suppose 3*h + i + 83 = 4*h, 4*h = -3*i + v. What is the tens digit of h?
8
Let z(f) = -f + 2. Let i be z(-6). Let b be 88*((-13)/(-10) + 36/(-45)). What is the tens digit of i/b + (-588)/(-33)?
1
Let p(g) = 4*g - 29. Let q be p(14). Let c be q/12*20/15. Suppose 4*v + 11 = -9, -c*v = -3*l + 393. What is the hundreds digit of l?
1
Suppose -2*n - 3*m = -6*n - 4, 2 = 5*n - 2*m. Suppose 0 = n*i - 3*i + 48. Suppose 2*s = -2*x + i, 5*x - 30 = 2*s + 125. What is the tens digit of x?
2
Let o(z) = -6*z - 139. Let h be o(-24). Suppose 4*u + 3362 = 7*u + 2*m, 0 = -h*m - 25. What is the tens digit of u?
2
Let z be 1*0/(-2 - 2). Suppose 3*r = z, -2*r = -y + 3*y. Suppose y = 6*k - 19 - 95. What is the tens digit of k?
1
Suppose -2*j = -2*o + 286, 5*o = -29*j + 26*j + 691. What is the tens digit of o?
4
What is the thousands digit of 255548/38 + (-18)/(-342)?
6
Suppose -32*m = -34*m. Suppose m = -11*u + 6848 - 787. What is the units digit of u?
1
Let i(y) = -y - 16. Let a be i(0). Let v(z) be the first derivative of z**3/3 - 34*z - 1448. What is the tens digit of v(a)?
2
Let l(g) = -2*g**3 + 18*g**2 - 6*g - 7. Let r be l(8). Let h = -69 + r. Suppose 0 = h*y - 6*y + 78. What is the tens digit of y?
3
Let w(u) be the second derivative of -47*u**4/12 + u**3/3 + 5*u**2/2 + 45*u. Let l be w(3). What is the tens digit of (-8 - -4)*(l/8 - 4)?
2
What is the thousands digit of 644/(-15134) - (-6629072)/94?
0
Let i = 88 + -88. Suppose 2*q - 30 = -q - 3*w